s**3 + 24*s**2 + 126*s - 215. Calculate j(-13).
6
Let v(b) = 32*b**3 + 38*b**2 + 208*b + 281. What is v(-4)?
-1991
Let m(v) = 394*v - 18049. What is m(46)?
75
Let g(v) = 1658*v**2 - 252000*v - 2436. Determine g(152).
-4
Let g(c) = -2*c**3 - 367*c**2 - 1953*c + 895. Give g(-178).
5
Let r(u) = -u**3 - 950*u**2 - 3787*u - 23. Give r(-4).
-11
Let i(s) = 21*s**3 + 13*s**2 - 17503*s - 17514. Determine i(-1).
-19
Let b(v) = v**2 + 115*v - 2232. Determine b(18).
162
Let f(q) = 17459*q**2 - 69843*q + 17. Calculate f(4).
-11
Let q(p) = -p**2 + 936*p - 19240. Calculate q(21).
-25
Let c(f) = 3*f**2 - 638595*f - 3193056. What is c(-5)?
-6
Let q(o) = -2*o**3 + 507*o**2 + 1274*o + 1600. Determine q(256).
64
Let c(v) = 897*v - 332140. Calculate c(370).
-250
Let o(r) = -2*r**3 + 288*r**2 + 61*r - 49621. Give o(143).
0
Let p(b) = 834*b**2 - 35074*b + 130. Calculate p(42).
-1802
Let t(r) = 281*r + 64150. Calculate t(-237).
-2447
Let r(p) = 2*p**3 - 243*p**2 - 374*p + 603. What is r(123)?
-12
Let q(o) = o**3 + 107*o**2 + 969*o + 8858. What is q(-98)?
332
Let i(d) = -53*d**2 - 26*d - 413. Calculate i(-7).
-2828
Let q(c) = c**2 - 67758*c + 4602899. Calculate q(68).
-21
Let t(i) = -i**3 - 26*i**2 - 36*i - 1125. Give t(-27).
576
Let y(c) = 11*c**2 + 5*c - 99. Determine y(0).
-99
Let b(z) = z**3 + 35814*z**2 + 5491641*z + 148. Determine b(-154).
-6
Let j(h) = 3*h**2 + 2570*h - 39225. What is j(15)?
0
Let n(j) = 319*j**2 - 663*j + 1364. Give n(2).
1314
Let z(u) = 382*u - 2054. Calculate z(4).
-526
Let g(j) = 6*j**2 - 365*j + 1069. Determine g(58).
83
Let r(i) = -476*i - 180915. Determine r(-380).
-35
Let d(c) = 2*c**3 - 58*c**2 + 2676*c - 69332. Calculate d(27).
4
Let n(j) = -9*j + 1480. Give n(162).
22
Let f(i) = -2*i**2 - 87*i + 1240. Calculate f(-33).
1933
Let g(b) = -43039*b + 5207726. What is g(121)?
7
Let g(b) = -262*b**2 + 33562*b - 3335. Determine g(128).
-7
Let q(l) = 48*l**2 + 9364*l + 775. What is q(-195)?
-5
Let s(f) = -9*f**2 + 570*f + 518. What is s(63)?
707
Let f(k) = -135309*k + 3112075. Give f(23).
-32
Let b(m) = 270857*m - 2166865. Calculate b(8).
-9
Let r(i) = -2*i**3 + 9*i**2 + 298*i - 3364. What is r(11)?
-1659
Let a(w) = w**3 + 97*w**2 + 945*w + 86. Calculate a(-86).
172
Let n(w) = 773*w + 443553. Determine n(-574).
-149
Let x(g) = g**3 + 357*g**2 + 18754*g + 144. Calculate x(-64).
16
Let q(x) = 12*x**3 - 1684*x**2 + 550*x + 1360. Give q(140).
-40
Let h(y) = y**3 - 126*y**2 - 28*y + 4041. Give h(126).
513
Let c(t) = t**3 - 69*t**2 - 2264*t + 43121. Determine c(89).
45
Let v(t) = t**3 + 5*t**2 - 428*t + 2291. What is v(14)?
23
Let c(u) = -1920*u - 927099. What is c(-483)?
261
Let n(p) = -6*p**3 - 22*p**2 - 41*p + 220. Determine n(-6).
970
Let k(m) = -10*m**2 + 575*m + 265. Give k(58).
-25
Let z(a) = 476*a - 83016. Calculate z(174).
-192
Let w(z) = -3*z**3 + 336*z**2 + 1571*z - 910. Determine w(-5).
10
Let i(q) = -q**2 + 183*q - 6474. Determine i(45).
-264
Let p(u) = -12*u**2 + 1181*u - 6053. Determine p(93).
-8
Let c(b) = -15523*b - 4268794. Calculate c(-275).
31
Let j(y) = -y**3 - 11*y**2 + 112675*y + 1464433. What is j(-13)?
-4
Let f(i) = -2431279*i - 14587683. Give f(-6).
-9
Let p(g) = -2*g**3 - 41*g**2 + 169*g - 45. What is p(-24)?
-69
Let o(b) = 3*b**3 - 119*b**2 + 103*b - 956. Give o(39).
19
Let q(b) = -69*b**3 - 3244*b**2 - 34*b + 255. Give q(-47).
-356
Let m(r) = -86*r**2 - 20*r + 75. Determine m(3).
-759
Let u(g) = -883*g - 23970. Calculate u(-28).
754
Let l(q) = 11009*q - 66103. Calculate l(6).
-49
Let d(r) = -3*r**2 - 939*r - 9160. What is d(-10)?
-70
Let u(i) = -185944*i - 2231333. What is u(-12)?
-5
Let t(j) = 1552*j - 100879. Calculate t(65).
1
Let y(s) = 8*s**2 - 63*s + 42. Give y(7).
-7
Let u(j) = j**2 - 768*j - 6993. Calculate u(-9).
0
Let y(p) = -34813*p - 313245. Calculate y(-9).
72
Let a(m) = 224*m + 2130. Calculate a(-9).
114
Let j(l) = 2446*l + 14363. Give j(-6).
-313
Let w(x) = x**3 - 11*x**2 - 32*x + 234. Calculate w(-10).
-1546
Let u(k) = k**3 - 1547*k**2 + 86363*k - 59. Give u(58).
-1
Let s(m) = -548*m + 2496. Give s(5).
-244
Let p(d) = 17983*d - 28. What is p(0)?
-28
Let f(u) = -3*u**3 - 51*u**2 - 112*u - 1009. Give f(-14).
-1205
Let b(t) = 17750*t - 5981728. Determine b(337).
22
Let m(y) = -503*y + 206236. What is m(410)?
6
Let r(g) = 45*g + 998. Calculate r(-21).
53
Let f(r) = r**2 - 9281*r + 3373861. What is f(379)?
3
Let o(f) = 2*f**2 - 10*f - 26680. Calculate o(118).
-12
Let t(f) = 2232*f**3 - 42*f**2 + 98*f - 57. What is t(1)?
2231
Let v(i) = 14*i**3 - 13*i**2 + 40*i + 74. Give v(4).
922
Let y(t) = t**2 + 573*t + 60918. Determine y(-141).
6
Let b(y) = -8*y**3 - 2158*y**2 + 7105*y + 1914. What is b(-273)?
3
Let s(j) = -5*j**3 + 151*j**2 - 68*j + 5938. Determine s(31).
-14
Let f(g) = -g**3 + 136*g**2 + 310*g - 4286. Calculate f(138).
406
Let j(a) = 21*a**2 + 739*a - 339. Determine j(-36).
273
Let s(q) = -180*q + 23604. Determine s(131).
24
Let k(n) = -8*n**2 - 778*n - 5285. Determine k(-7).
-231
Let l(n) = -92*n**3 - 3*n**2 + 113*n + 332. Determine l(-3).
2450
Let q(a) = -a**3 - 247*a**2 - 1902*a - 403. What is q(-239)?
-2793
Let v(r) = -3*r**3 - 10*r**2 + 41*r + 258. Determine v(-4).
126
Let q(u) = -23*u**3 + 9*u**2 - 12*u - 5. Determine q(3).
-581
Let y(u) = -6*u**3 + 24*u**2 - 105*u - 8. What is y(4)?
-428
Let b(k) = 4179*k - 21006. Calculate b(5).
-111
Let c(n) = 4274*n + 312006. What is c(-73)?
4
Let l(h) = 3*h**2 - 696*h + 16039. Determine l(26).
-29
Let u(k) = 1790*k + 5003. Determine u(-3).
-367
Let d(b) = 3*b**2 - 58*b - 3472. Give d(45).
-7
Let l(m) = -8*m**2 - 1851*m + 5140. Determine l(-234).
226
Let k(t) = 207*t + 3801. Calculate k(-19).
-132
Let z(o) = 4*o**2 - 26*o - 93. What is z(9)?
-3
Let w(v) = -2*v**2 + 833*v - 2507. What is w(3)?
-26
Let a(p) = -7*p**3 - 8090*p**2 + 10396*p - 19674. Calculate a(-1157).
-5
Let a(i) = -5*i**2 + 3894*i - 19393. Calculate a(5).
-48
Let x(h) = 63*h**3 - 705*h**2 - 1449*h - 436. Calculate x(13).
-7
Let u(d) = 2*d**2 + 5598*d + 50226. Give u(-9).
6
Let k(m) = 5*m**3 + 71*m**2 - 133*m - 22. What is k(2)?
36
Let g(f) = -f**3 + 67*f**2 - 635*f + 3. Determine g(11).
-206
Let w(n) = -5*n**2 - 272*n + 3813. What is w(15)?
-1392
Let m(p) = 9697*p - 126277. Calculate m(13).
-216
Let d(f) = 7968*f + 15985. Determine d(-2).
49
Let f(i) = 2*i**3 - 2028*i**2 - 151760*i - 25. Calculate f(1084).
-25
Let w(s) = -116*s - 28310. What is w(-244)?
-6
Let l(t) = 3*t**2 + 1028*t - 26332. Give l(24).
68
Let k(p) = 18*p**3 - 1355*p**2 + 1702*p + 74. Determine k(74).
74
Let f(s) = 149*s**2 + 546*s - 1100. Calculate f(2).
588
Let r(b) = 3*b**3 + 61*b**2 - 582*b + 1163. Give r(4).
3
Let q(l) = -4*l**2 - 1352*l - 10555. Give q(-8).
5
Let j(u) = 2*u**3 - 11*u**2 - 3795*u + 19012. Determine j(5).
12
Let m(s) = -s**2 - 836*s + 199798. What is m(194)?
-22
Let p(b) = b**3 - 949*b**2 - 1067*b + 111132. Determine p(950).
-18
Let w(h) = 290*h**3 + 14*h**2 + 12*h + 3. Determine w(-1).
-285
Let n(c) = 2006*c + 37501. What is n(-18)?
1393
Let r(a) = -400*a + 1948. Calculate r(4).
348
Let l(b) = -b**3 - 353*b**2 + 853*b - 76539. Determine l(-356).
1
Let p(a) = -118*a - 505. Determine p(-5).
85
Let g(x) = -5*x**3 - 53*x**2 + 460*x + 36. Give g(6).
-192
Let v(z) = 52*z**2 + 755*z - 10. Determine v(-15).
365
Let m(x) = x**3 + 106*x**2 - 553*x - 132. Calculate m(-111).
-354
Let s(i) = 127120*i + 889849. What is s(-7)?
9
Let l(p) = -1127*p + 33816. Determine l(30).
6
Let s(m) = 3*m**3 + 263*m**2 + 558*m + 56831. What is s(-88)?
-17
Let u(c) = 9*c**2 + 367*c + 2527. Give u(-7).
399
Let r(b) = b**3 + 5*b**2 + 15*b + 146. What is r(0)?
146
Let h(j) = 931*j + 66218. Calculate h(-71).
117
Let i(k) = -k**2 - 47482*k - 569625. What is i(-12)?
15
Let q(z) = 6*z**2 + 223*z - 3019. Determine q(10).
-189
Let r(j) = -771*j + 108715. What is r(141)?
4
Let z(x) = x**2 - 159780*x - 639139. Determine z(-4).
-3
Let a(k) = -2*k**3 - 40*k**2 - 574*k - 8571. Give a(-18).
465
Let x(z) = -3*z**3 + 44*z**2 - 527*z + 7235. Determine x(14).
249
Let j(g) = -568*g + 23435. What is j(42)?
-421
Let v(c) = c**2 - 561*c + 26349. Determine v(51).
339
Let f(q) = -59195*q + 5090762. Give f(86).
-8
Let z(p) = p**2 - 222*p - 29360. What is z(-94)?
344
Let q(i) = 400085*i - 1200258. Calculate q(3).
-3
Let q(d) = -d**3 - 2209*d**2 - 82497*d + 31.